{"id":58183,"date":"2023-06-14T04:44:38","date_gmt":"2023-06-14T04:44:38","guid":{"rendered":"https:\/\/landofgod.online\/?post_type=product&#038;p=58183"},"modified":"2023-06-19T03:06:46","modified_gmt":"2023-06-19T03:06:46","slug":"petra-fifty-years","status":"publish","type":"product","link":"https:\/\/landofgod.online\/index.php\/producto\/petra-fifty-years\/","title":{"rendered":"Petra &#8211; Fifty Years"},"content":{"rendered":"<p><strong>Artista:<\/strong> Petra<br \/>\n<strong>\u00c1lbum:<\/strong> Fifty Years<br \/>\n<strong>G\u00e9nero:<\/strong> Rock<br \/>\n<strong>Pa\u00eds:<\/strong> Estado Unidos<br \/>\n<strong>A\u00f1o de Lanzamiento:<\/strong> 2023<br \/>\n<strong>Productora:<\/strong> Girder Records<br \/>\n<strong>Formato:<\/strong> CD<br \/>\n<strong>Tipo:<\/strong> Digipack<\/p>\n<p><strong>Track List:<\/strong><\/p>\n<p><strong>Disco 1<\/strong><br \/>\nPETRA &#8211; 1974<br \/>\n1. Walkin\u2019 in the Light<br \/>\n2. Back Sliding Blues<\/p>\n<p>COME AND JOIN US &#8211; 1977<br \/>\n3. God Gave Rock and Roll to You<\/p>\n<p>WASHES WHITER THAN &#8211; 1979<br \/>\n4. Why Should the Father Bother?<br \/>\n5. Yahweh Love<br \/>\n6. Morning Star<\/p>\n<p>NEVER SAY DIE &#8211; 1981<br \/>\n7. Chameleon<br \/>\n8. Angel of Light<br \/>\n9. Without Him We Can Do Nothing<br \/>\n10. Praise Ye the Lord<\/p>\n<p>MORE POWER TO YA &#8211; 1982<br \/>\n11. Second Wind<br \/>\n12. Judas&#8217; Kiss<br \/>\n13. Road To Zion<br \/>\n14. All Over Me<br \/>\n15. More Power To Ya<\/p>\n<p><strong>Disco 2<\/strong><br \/>\nNOT OF THIS WORLD &#8211; 1983<br \/>\n16. Not of This World<br \/>\n17. Bema Seat<br \/>\n18. Grave Robber<br \/>\n19. Not by Sight<br \/>\n20 Godpleaser<\/p>\n<p>BEAT THE SYSTEM &#8211; 1985<br \/>\n21. Beat the System<br \/>\n22. It Is Finished<br \/>\n23. Adonai<br \/>\n24 Hollow Eyes<br \/>\n25 God Gave Rock And Roll To You<\/p>\n<p>BACK TO THE STREET &#8211; 1986<br \/>\n26. Whole World<br \/>\n27. Thankful Heart<\/p>\n<p>THIS MEANS WAR! (1987)<br \/>\n28. This Means War!<br \/>\n29. He Came, He Saw, He Conquered<\/p>\n<p>ON FIRE! &#8211; 1988<br \/>\n30. All Fired Up<br \/>\n31. Mine Field<br \/>\n32. First Love<br \/>\n33. Counsel of the Holy<\/p>\n<p><strong>Disco 3<\/strong><br \/>\nPETRA PRAISE: THE ROCK CRIES OUT &#8211; 1989<br \/>\n34. I Love the Lord<\/p>\n<p>BEYOND BELIEF &#8211; 1990<br \/>\n35. Creed<br \/>\n36. Beyond Belief<br \/>\n37. Love<br \/>\n38. Seen And Not Heard<br \/>\n39. Prayer<br \/>\n40. I Am On The Rock<\/p>\n<p>UNSEEN POWER &#8211; 1991<br \/>\n41. Sight Unseen<br \/>\n42. Dance<\/p>\n<p>WAKE UP CALL &#8211; 1993<br \/>\n43. Midnight Oil<br \/>\n44. Just Reach Out<\/p>\n<p>NO DOUBT &#8211; 1995<br \/>\n45. Enter In<br \/>\n46. No Doubt<\/p>\n<p>PETRA PRAISE II &#8211; WE NEED JESUS &#8211; 1997<br \/>\n47. Lord I Lift Your Name On High<br \/>\n48. Lovely Lord<br \/>\n49 We Need Jesus<\/p>\n<p>JEKYLL AND HYDE &#8211; 2003<br \/>\n50. Jekyll &amp; Hyde<\/p>\n<p>&nbsp;<\/p>\n","protected":false},"excerpt":{"rendered":"<p>Petra es una banda que no necesita presentaci\u00f3n, porque es todo un \u00edcono dentro de la escena del rock cristiano, lleva 50 a\u00f1os trayendo su m\u00fasica y mensaje que ha inspirado y tocado vidas a lo largo del mundo. Se form\u00f3 en 1972 y durante todo su trayectoria ha grabado 24 discos, ha ganado 4 premiso Grammy e impacto a muchas muchas personas con la palabra que Dios ha llevado a trav\u00e9s de ellos.<\/p>\n<p>Esta edici\u00f3n de lujo por el 50 aniversario de Petra incluye 3 discos con 50 de sus canciones escogidas por Bob Hartman, incluye 3 cartas coleccionables de los miembros de la banda y un booklet de 24 p\u00e1ginas con fotos, collages y reflexiones acerca de su historia.<\/p>\n<hr \/>\n<p style=\"text-align: right;\"><em><strong>Links Oficiales <\/strong><\/em><a href=\"https:\/\/www.facebook.com\/Petraband\" target=\"_blank\" rel=\"noopener noreferrer\"><img loading=\"lazy\" decoding=\"async\" class=\"alignnone wp-image-58210\" src=\"https:\/\/landofgod.online\/wp-content\/uploads\/2023\/05\/f_logo_RGB-Blue_1024-300x300.png\" alt=\"\" width=\"32\" height=\"32\" \/><\/a><em><strong><a href=\"https:\/\/open.spotify.com\/artist\/1LmsXfZSt1nutb8OCvt00G?si=b7cZztMTQZCZydbBAL5BUQ\" target=\"_blank\" rel=\"noopener noreferrer\"><img loading=\"lazy\" decoding=\"async\" class=\"alignnone wp-image-58214\" src=\"https:\/\/landofgod.online\/wp-content\/uploads\/2023\/05\/Spotify_Icon_RGB_Green-300x300.png\" alt=\"\" width=\"32\" height=\"32\" \/><\/a><\/strong><\/em><\/p>\n","protected":false},"featured_media":58184,"comment_status":"open","ping_status":"closed","template":"","meta":{"_et_pb_use_builder":"","_et_pb_old_content":"","_et_gb_content_width":"","_joinchat":[]},"product_brand":[],"product_cat":[62,60,61],"product_tag":[],"class_list":{"0":"post-58183","1":"product","2":"type-product","3":"status-publish","4":"has-post-thumbnail","6":"product_cat-girder-records","7":"product_cat-petra","8":"product_cat-rock","10":"first","11":"instock","12":"taxable","13":"shipping-taxable","14":"purchasable","15":"product-type-simple"},"jetpack_sharing_enabled":true,"_links":{"self":[{"href":"https:\/\/landofgod.online\/index.php\/wp-json\/wp\/v2\/product\/58183","targetHints":{"allow":["GET"]}}],"collection":[{"href":"https:\/\/landofgod.online\/index.php\/wp-json\/wp\/v2\/product"}],"about":[{"href":"https:\/\/landofgod.online\/index.php\/wp-json\/wp\/v2\/types\/product"}],"replies":[{"embeddable":true,"href":"https:\/\/landofgod.online\/index.php\/wp-json\/wp\/v2\/comments?post=58183"}],"wp:featuredmedia":[{"embeddable":true,"href":"https:\/\/landofgod.online\/index.php\/wp-json\/wp\/v2\/media\/58184"}],"wp:attachment":[{"href":"https:\/\/landofgod.online\/index.php\/wp-json\/wp\/v2\/media?parent=58183"}],"wp:term":[{"taxonomy":"product_brand","embeddable":true,"href":"https:\/\/landofgod.online\/index.php\/wp-json\/wp\/v2\/product_brand?post=58183"},{"taxonomy":"product_cat","embeddable":true,"href":"https:\/\/landofgod.online\/index.php\/wp-json\/wp\/v2\/product_cat?post=58183"},{"taxonomy":"product_tag","embeddable":true,"href":"https:\/\/landofgod.online\/index.php\/wp-json\/wp\/v2\/product_tag?post=58183"}],"curies":[{"name":"wp","href":"https:\/\/api.w.org\/{rel}","templated":true}]}}