{"id":58187,"date":"2023-06-15T04:19:42","date_gmt":"2023-06-15T04:19:42","guid":{"rendered":"https:\/\/landofgod.online\/?post_type=product&#038;p=58187"},"modified":"2023-06-19T03:09:38","modified_gmt":"2023-06-19T03:09:38","slug":"frost-like-ashes-hoarfrost","status":"publish","type":"product","link":"https:\/\/landofgod.online\/index.php\/producto\/frost-like-ashes-hoarfrost\/","title":{"rendered":"Frost Like Ashes &#8211; Hoarfrost (The Compendium)"},"content":{"rendered":"<p><strong>Artista:<\/strong> \u00a0Frost Like Ashes<br \/>\n<strong>\u00c1lbum:<\/strong> Hoarfrost (The Compendium)<br \/>\n<strong>G\u00e9nero:<\/strong> Black Metal<br \/>\n<strong>Pa\u00eds:<\/strong> Estados Unidos<br \/>\n<strong>A\u00f1o de Lanzamiento:<\/strong> 2023<br \/>\n<strong>Productora:<\/strong> Vision of God Records<br \/>\n<strong>Formato:<\/strong> CD<br \/>\n<strong>Tipo:<\/strong> Jewel case<\/p>\n<p><strong>Track List:<\/strong><\/p>\n<p><strong>Disco 1<\/strong><\/p>\n<p>1. A Terrible Visitation (Tophet)<br \/>\n2. Desecrator (Tophet)<br \/>\n3. Of Spirit and Power (Tophet)<br \/>\n4. Nightfall\u2019s Cold Kiss (Tophet)<br \/>\n5. A Cruel Verse (Tophet)<br \/>\n6. Crucifixion (Tophet)<br \/>\n7. Execution By Fire (Tophet)<br \/>\n8. Shattered Gods (Tophet)<br \/>\n9. Lord of Darkness (Tophet)<br \/>\n10. Let All Mortal Flesh Keep Silent (Rehearsal)<br \/>\n11. A Cruel Verse (Rehearsal)<br \/>\n12. Adorers of Blood (Rehearsal)<\/p>\n<p><strong>Disco 2<\/strong><\/p>\n<p>13. Notions of Insanity (Pure as the Blood Covered Snow)<br \/>\n14. A Cruel Verse (Pure as the Blood Covered Snow)<br \/>\n15. Adorers of Blood (Pure as the Blood Covered Snow)<br \/>\n16. After Forever (Black Sabbath Cover)<br \/>\n17. Immortals (Demo)<br \/>\n18. Born To Pieces (Born to Pieces)<br \/>\n19. Pale Shadows (Born to Pieces)<br \/>\n20. Immortals 2008 (Born to Pieces)<br \/>\n21. Plan 2 (Saint cover) (Born to Pieces)<br \/>\n22. When the Man Comes Around (Johnny Cash Cover)<br \/>\n23. Nightfall\u2019s Cold Kiss (V2 Different Recording)<br \/>\n24. Let All Mortal Flesh Keep Silent (V2 Different Recording)<br \/>\n25. Nightfall\u2019s Cold Kiss (Acoustic)<\/p>\n<p><iframe loading=\"lazy\" title=\"A Terrible Visitation\" width=\"1080\" height=\"810\" src=\"https:\/\/www.youtube.com\/embed\/s0EDam5UuLY?list=OLAK5uy_n74bHlIaglEj13JYRT_3ZtPRa0id4tLRQ\"  allow=\"accelerometer; autoplay; clipboard-write; encrypted-media; gyroscope; picture-in-picture; web-share\" allowfullscreen><\/iframe><\/p>\n","protected":false},"excerpt":{"rendered":"<p>Frost Like Ashes es una banda de black metal de Estado Unidos formada en el 2001, a nivel musical los rifts de guitarra, manejo del bajo, bater\u00eda y la atm\u00f3sfera que genera el teclado forman un estilo \u00fanico y brutal, a nivel vocal nos lleva por varios estilos lo que dota de cambios a nivel de sus canciones que van desde los rasps del Black Metal hasta growls de Death Metal. Sus letras est\u00e1n basadas en la biblia y nos muestran enfoque B\u00edblico para los distintos temas que abordan.<br \/>\nSu puesta en escena es un tema que genera mucha controversia porque incluyen elementos del black metal pero tratando de mostrar la lucha espiritual y la guerra contra el mal.<\/p>\n<hr \/>\n<p style=\"text-align: right;\"><em><strong>Links Oficiales <\/strong><\/em><a href=\"https:\/\/www.facebook.com\/FrostLikeAshes\" target=\"_blank\" rel=\"noopener noreferrer\"><img loading=\"lazy\" decoding=\"async\" class=\"alignnone wp-image-58210\" src=\"https:\/\/landofgod.online\/wp-content\/uploads\/2023\/05\/f_logo_RGB-Blue_1024-300x300.png\" alt=\"\" width=\"32\" height=\"32\" \/><\/a><a href=\"https:\/\/visionofgodrecords.bandcamp.com\/album\/hoarfrost-the-compendium\" target=\"_blank\" rel=\"noopener noreferrer\"><img loading=\"lazy\" decoding=\"async\" class=\"alignnone wp-image-58207\" src=\"https:\/\/landofgod.online\/wp-content\/uploads\/2023\/05\/bandcamp-button-bc-circle-aqua-512-150x150.png\" alt=\"bandcamp\" width=\"32\" height=\"32\" \/><\/a><em><strong><a href=\"https:\/\/open.spotify.com\/album\/6MJaa5iowBlLPHzFRRJi85?si=YmiQbo61QI-dfl4jFjR6Og\" target=\"_blank\" rel=\"noopener noreferrer\"><img loading=\"lazy\" decoding=\"async\" class=\"alignnone wp-image-58214\" src=\"https:\/\/landofgod.online\/wp-content\/uploads\/2023\/05\/Spotify_Icon_RGB_Green-300x300.png\" alt=\"\" width=\"32\" height=\"32\" \/><\/a><\/strong><\/em><\/p>\n","protected":false},"featured_media":58188,"comment_status":"open","ping_status":"closed","template":"","meta":{"_et_pb_use_builder":"","_et_pb_old_content":"","_et_gb_content_width":"","_joinchat":[]},"product_brand":[],"product_cat":[28,63,55],"product_tag":[],"class_list":{"0":"post-58187","1":"product","2":"type-product","3":"status-publish","4":"has-post-thumbnail","6":"product_cat-black-metal-genero","7":"product_cat-frost-like-ashes","8":"product_cat-vision-of-god-records","10":"first","11":"instock","12":"taxable","13":"shipping-taxable","14":"purchasable","15":"product-type-simple"},"jetpack_sharing_enabled":true,"_links":{"self":[{"href":"https:\/\/landofgod.online\/index.php\/wp-json\/wp\/v2\/product\/58187","targetHints":{"allow":["GET"]}}],"collection":[{"href":"https:\/\/landofgod.online\/index.php\/wp-json\/wp\/v2\/product"}],"about":[{"href":"https:\/\/landofgod.online\/index.php\/wp-json\/wp\/v2\/types\/product"}],"replies":[{"embeddable":true,"href":"https:\/\/landofgod.online\/index.php\/wp-json\/wp\/v2\/comments?post=58187"}],"wp:featuredmedia":[{"embeddable":true,"href":"https:\/\/landofgod.online\/index.php\/wp-json\/wp\/v2\/media\/58188"}],"wp:attachment":[{"href":"https:\/\/landofgod.online\/index.php\/wp-json\/wp\/v2\/media?parent=58187"}],"wp:term":[{"taxonomy":"product_brand","embeddable":true,"href":"https:\/\/landofgod.online\/index.php\/wp-json\/wp\/v2\/product_brand?post=58187"},{"taxonomy":"product_cat","embeddable":true,"href":"https:\/\/landofgod.online\/index.php\/wp-json\/wp\/v2\/product_cat?post=58187"},{"taxonomy":"product_tag","embeddable":true,"href":"https:\/\/landofgod.online\/index.php\/wp-json\/wp\/v2\/product_tag?post=58187"}],"curies":[{"name":"wp","href":"https:\/\/api.w.org\/{rel}","templated":true}]}}