{"id":58451,"date":"2023-09-08T04:06:28","date_gmt":"2023-09-08T04:06:28","guid":{"rendered":"https:\/\/landofgod.online\/?post_type=product&#038;p=58451"},"modified":"2023-09-08T04:06:28","modified_gmt":"2023-09-08T04:06:28","slug":"exultet-kings-crusade-part-i-the-holy-land","status":"publish","type":"product","link":"https:\/\/landofgod.online\/index.php\/producto\/exultet-kings-crusade-part-i-the-holy-land\/","title":{"rendered":"Exultet &#8211; Kings Crusade Part I: The Holy Land"},"content":{"rendered":"<p><strong>Artista:<\/strong> Exultet<br \/>\n<strong>\u00c1lbum:<\/strong> Kings Crusade Part I: The Holy Land<br \/>\n<strong>G\u00e9nero:<\/strong> Epic Black Metal<br \/>\n<strong>Pa\u00eds:<\/strong> Italia<br \/>\n<strong>A\u00f1o de Lanzamiento:<\/strong> 2023<br \/>\n<strong>Productora:<\/strong> Vision of God Records \/ Christian Metal Underground Records<br \/>\n<strong>C\u00f3digo Barras:<\/strong> 198015675990<br \/>\n<strong>Formato:<\/strong> CD<br \/>\n<strong>Tipo:<\/strong> Jewel Case<\/p>\n<p><strong>Track List:<\/strong><\/p>\n<p>1. Intro<br \/>\n2. Audita Tremendi<br \/>\n3. The Third Crusade<br \/>\n4. The Siege Of Acre<br \/>\n5. Beheaded in Cold Blood<br \/>\n6. Arsuf 1191<\/p>\n<p><iframe loading=\"lazy\" title=\"Exultet - The Third Crusade (Lyric Video) #christianmetal #medieval #viking #Metal #jesus #God\" width=\"1080\" height=\"608\" src=\"https:\/\/www.youtube.com\/embed\/ON4mDjIcMcc?feature=oembed\"  allow=\"accelerometer; autoplay; clipboard-write; encrypted-media; gyroscope; picture-in-picture; web-share\" allowfullscreen><\/iframe><\/p>\n","protected":false},"excerpt":{"rendered":"<p>Exultet es una banda formada en el 2003 en Italia, inicialmente fue un proyecto de un solo hombre Farz, hasta que en 2004 Argoth se une a la banda. Hasta el 2012 la banda lanz\u00f3 4 albums y en ese a\u00f1o Argoth deja la banda, en el 2015 se lanza el quinto disco de la banda. El estilo de la banda se ha mantenido dentro del black metal, con toques \u00e9picos, sinf\u00f3nicos, con toques medievales y elementos del folclore \u00e1rabe. Dentro de sus letras narran algunas de las batallas que se han llevado a lo largo de la historia, dentro de estos episodios de la humanidad podemos encontrar en su cuarto album la primera cruzada que describe el viaje y las luchas que llevaron a cabo los caballeros cristianos contra los ej\u00e9rcitos del Islam por la conquista de Jerusal\u00e9n en 1099.<\/p>\n<p>Kings Crusade Part I: The Holy Land es el sexto disco de Exultet, en este disco nuevamente la banda plasma su arte con epic black metal, que contiene coros, elementos del folk \u00e1rabe y elementos orquestales. A nivel de sus letras nos narra el intento de los europeos por reconquistar Jerusal\u00e9n, se sit\u00faa en el desembarco de los cruzados liderados por el rey Ricardo Coraz\u00f3n de Le\u00f3n, hasta la batalla de Arsuf, esta es la primera parte del relato y nos deja a la espera de la segunda y ultima parte del relato a trav\u00e9s de su siguiente disco.<\/p>\n<hr \/>\n<p style=\"text-align: right;\"><em><strong>Links Oficiales <\/strong><\/em><a href=\"https:\/\/www.facebook.com\/exultetmetal\" target=\"_blank\" rel=\"noopener noreferrer\"><img loading=\"lazy\" decoding=\"async\" class=\"alignnone wp-image-58210\" src=\"https:\/\/landofgod.online\/wp-content\/uploads\/2023\/05\/f_logo_RGB-Blue_1024-300x300.png\" alt=\"\" width=\"32\" height=\"32\" \/><\/a><a href=\"https:\/\/visionofgodrecords.bandcamp.com\/album\/kings-crusade-pt-1-the-holy-land\" target=\"_blank\" rel=\"noopener noreferrer\"><img loading=\"lazy\" decoding=\"async\" class=\"alignnone wp-image-58207\" src=\"https:\/\/landofgod.online\/wp-content\/uploads\/2023\/05\/bandcamp-button-bc-circle-aqua-512-150x150.png\" alt=\"bandcamp\" width=\"32\" height=\"32\" \/><\/a><em><strong><a href=\"https:\/\/open.spotify.com\/intl-es\/album\/1xIqtyjn1w1jgWXk1UVEik?si=4kuzbQBVRXC2rBtq1mAm5g\" target=\"_blank\" rel=\"noopener noreferrer\"><img loading=\"lazy\" decoding=\"async\" class=\"alignnone wp-image-58214\" src=\"https:\/\/landofgod.online\/wp-content\/uploads\/2023\/05\/Spotify_Icon_RGB_Green-300x300.png\" alt=\"\" width=\"32\" height=\"32\" \/><\/a><\/strong><\/em><\/p>\n","protected":false},"featured_media":58452,"comment_status":"open","ping_status":"closed","template":"","meta":{"_et_pb_use_builder":"","_et_pb_old_content":"","_et_gb_content_width":"","_joinchat":[]},"product_brand":[],"product_cat":[92,91,55],"product_tag":[],"class_list":{"0":"post-58451","1":"product","2":"type-product","3":"status-publish","4":"has-post-thumbnail","6":"product_cat-epic-black-metal","7":"product_cat-exultet","8":"product_cat-vision-of-god-records","10":"first","11":"instock","12":"taxable","13":"shipping-taxable","14":"purchasable","15":"product-type-simple"},"jetpack_sharing_enabled":true,"_links":{"self":[{"href":"https:\/\/landofgod.online\/index.php\/wp-json\/wp\/v2\/product\/58451","targetHints":{"allow":["GET"]}}],"collection":[{"href":"https:\/\/landofgod.online\/index.php\/wp-json\/wp\/v2\/product"}],"about":[{"href":"https:\/\/landofgod.online\/index.php\/wp-json\/wp\/v2\/types\/product"}],"replies":[{"embeddable":true,"href":"https:\/\/landofgod.online\/index.php\/wp-json\/wp\/v2\/comments?post=58451"}],"wp:featuredmedia":[{"embeddable":true,"href":"https:\/\/landofgod.online\/index.php\/wp-json\/wp\/v2\/media\/58452"}],"wp:attachment":[{"href":"https:\/\/landofgod.online\/index.php\/wp-json\/wp\/v2\/media?parent=58451"}],"wp:term":[{"taxonomy":"product_brand","embeddable":true,"href":"https:\/\/landofgod.online\/index.php\/wp-json\/wp\/v2\/product_brand?post=58451"},{"taxonomy":"product_cat","embeddable":true,"href":"https:\/\/landofgod.online\/index.php\/wp-json\/wp\/v2\/product_cat?post=58451"},{"taxonomy":"product_tag","embeddable":true,"href":"https:\/\/landofgod.online\/index.php\/wp-json\/wp\/v2\/product_tag?post=58451"}],"curies":[{"name":"wp","href":"https:\/\/api.w.org\/{rel}","templated":true}]}}