{"id":58515,"date":"2023-12-14T03:35:35","date_gmt":"2023-12-14T03:35:35","guid":{"rendered":"https:\/\/landofgod.online\/?post_type=product&#038;p=58515"},"modified":"2023-12-14T03:35:35","modified_gmt":"2023-12-14T03:35:35","slug":"docnargath-misantropia","status":"publish","type":"product","link":"https:\/\/landofgod.online\/index.php\/producto\/docnargath-misantropia\/","title":{"rendered":"Docnargath &#8211; Misantropia"},"content":{"rendered":"<p><strong>Artista:<\/strong> Docnargath<br \/>\n<strong>\u00c1lbum:<\/strong> Misantropia<br \/>\n<strong>G\u00e9nero:<\/strong> Doom \/ Death Metal<br \/>\n<strong>Pa\u00eds:<\/strong> Brasil<br \/>\n<strong>A\u00f1o de Lanzamiento:<\/strong> 2005<br \/>\n<strong>Productora:<\/strong> Svalbard<br \/>\n<strong>Formato:<\/strong> CD<br \/>\n<strong>Tipo:<\/strong> Jewel Case<\/p>\n<p><strong>Track List:<\/strong><\/p>\n<p>1. Preludium<br \/>\n2. Misantropia<br \/>\n3. From the Grave<br \/>\n4. Liberate<br \/>\n5. I Love Jesus<br \/>\n6. Cries of My Soul<br \/>\n7. Land of Silence (Passage)<\/p>\n<p><iframe loading=\"lazy\" title=\"Docnargath- I love Jesus\" width=\"1080\" height=\"810\" src=\"https:\/\/www.youtube.com\/embed\/RvW1zX-FHWQ?feature=oembed\"  allow=\"accelerometer; autoplay; clipboard-write; encrypted-media; gyroscope; picture-in-picture; web-share\" allowfullscreen><\/iframe><\/p>\n","protected":false},"excerpt":{"rendered":"<p>Docnargath es una banda de Doom \/ Death Metal de Brasil, formada en 2001 y que actualmente ya no se encuentra activa. En 2005 sacaron su \u00fanico disco Misantrop\u00eda que trae 7 canciones que permiten ver la oscuridad de la vida, la soledad, el dolor de un alma que est\u00e1 alejada de Dios, la desesperaci\u00f3n que puede producir el ver un saldo lado de la vida en el cual todo es decepci\u00f3n, pero nos presenta tambi\u00e9n el paso a una vida nueva y el cambio que hay en el coraz\u00f3n cuando Jes\u00fas llega y nuestra alma se conecta con el Creador. A nivel musical nos presenta pasajes oscuros, lentos, depresivos, que acompa\u00f1an la letra, y el contraste con melod\u00edas m\u00e1s r\u00e1pidas, brillantes.<\/p>\n","protected":false},"featured_media":58516,"comment_status":"open","ping_status":"closed","template":"","meta":{"_et_pb_use_builder":"","_et_pb_old_content":"","_et_gb_content_width":"","_joinchat":[]},"product_brand":[],"product_cat":[33,108,74],"product_tag":[],"class_list":{"0":"post-58515","1":"product","2":"type-product","3":"status-publish","4":"has-post-thumbnail","6":"product_cat-death-metal","7":"product_cat-docnargath","8":"product_cat-doom-metal","10":"first","11":"instock","12":"taxable","13":"shipping-taxable","14":"purchasable","15":"product-type-simple"},"jetpack_sharing_enabled":true,"_links":{"self":[{"href":"https:\/\/landofgod.online\/index.php\/wp-json\/wp\/v2\/product\/58515","targetHints":{"allow":["GET"]}}],"collection":[{"href":"https:\/\/landofgod.online\/index.php\/wp-json\/wp\/v2\/product"}],"about":[{"href":"https:\/\/landofgod.online\/index.php\/wp-json\/wp\/v2\/types\/product"}],"replies":[{"embeddable":true,"href":"https:\/\/landofgod.online\/index.php\/wp-json\/wp\/v2\/comments?post=58515"}],"wp:featuredmedia":[{"embeddable":true,"href":"https:\/\/landofgod.online\/index.php\/wp-json\/wp\/v2\/media\/58516"}],"wp:attachment":[{"href":"https:\/\/landofgod.online\/index.php\/wp-json\/wp\/v2\/media?parent=58515"}],"wp:term":[{"taxonomy":"product_brand","embeddable":true,"href":"https:\/\/landofgod.online\/index.php\/wp-json\/wp\/v2\/product_brand?post=58515"},{"taxonomy":"product_cat","embeddable":true,"href":"https:\/\/landofgod.online\/index.php\/wp-json\/wp\/v2\/product_cat?post=58515"},{"taxonomy":"product_tag","embeddable":true,"href":"https:\/\/landofgod.online\/index.php\/wp-json\/wp\/v2\/product_tag?post=58515"}],"curies":[{"name":"wp","href":"https:\/\/api.w.org\/{rel}","templated":true}]}}